{"id":283,"date":"2019-10-10T13:22:51","date_gmt":"2019-10-10T13:22:51","guid":{"rendered":"https:\/\/donpeppe.qodeinteractive.com\/?post_type=product&#038;p=283"},"modified":"2025-04-16T13:21:40","modified_gmt":"2025-04-16T13:21:40","slug":"forestiere","status":"publish","type":"product","link":"https:\/\/josepizz.fr\/?product=forestiere","title":{"rendered":"Foresti\u00e8re"},"content":{"rendered":"<p>Un pizza aux saveurs de l&rsquo;automne, goutez la Foresti\u00e8re de Jos\u00e9, sa pate fine, son \u00e9quilibre ravira les plus exigeants.<\/p>\n","protected":false},"excerpt":{"rendered":"<p>Saveurs de l&rsquo;automne<\/p>\n<ul>\n<li>Tomates<\/li>\n<li>Epaule cuite<\/li>\n<li>Champignons frais<\/li>\n<li>Gruy\u00e8re<\/li>\n<li>Mozarella<\/li>\n<li>Olives<\/li>\n<\/ul>\n<p>&nbsp;<\/p>\n","protected":false},"featured_media":3809,"template":"","meta":[],"product_brand":[],"product_cat":[68],"product_tag":[],"class_list":{"0":"post-283","1":"product","2":"type-product","3":"status-publish","4":"has-post-thumbnail","6":"product_cat-charcuterie","8":"first","9":"instock","10":"shipping-taxable","11":"purchasable","12":"product-type-simple"},"jetpack_sharing_enabled":true,"_links":{"self":[{"href":"https:\/\/josepizz.fr\/index.php?rest_route=\/wp\/v2\/product\/283","targetHints":{"allow":["GET"]}}],"collection":[{"href":"https:\/\/josepizz.fr\/index.php?rest_route=\/wp\/v2\/product"}],"about":[{"href":"https:\/\/josepizz.fr\/index.php?rest_route=\/wp\/v2\/types\/product"}],"wp:featuredmedia":[{"embeddable":true,"href":"https:\/\/josepizz.fr\/index.php?rest_route=\/wp\/v2\/media\/3809"}],"wp:attachment":[{"href":"https:\/\/josepizz.fr\/index.php?rest_route=%2Fwp%2Fv2%2Fmedia&parent=283"}],"wp:term":[{"taxonomy":"product_brand","embeddable":true,"href":"https:\/\/josepizz.fr\/index.php?rest_route=%2Fwp%2Fv2%2Fproduct_brand&post=283"},{"taxonomy":"product_cat","embeddable":true,"href":"https:\/\/josepizz.fr\/index.php?rest_route=%2Fwp%2Fv2%2Fproduct_cat&post=283"},{"taxonomy":"product_tag","embeddable":true,"href":"https:\/\/josepizz.fr\/index.php?rest_route=%2Fwp%2Fv2%2Fproduct_tag&post=283"}],"curies":[{"name":"wp","href":"https:\/\/api.w.org\/{rel}","templated":true}]}}