{"id":3695,"date":"2022-06-02T11:26:33","date_gmt":"2022-06-02T11:26:33","guid":{"rendered":"https:\/\/josepizz.fr\/?post_type=product&#038;p=3695"},"modified":"2025-07-29T17:31:42","modified_gmt":"2025-07-29T17:31:42","slug":"raviole","status":"publish","type":"product","link":"https:\/\/josepizz.fr\/?product=raviole","title":{"rendered":"Raviole"},"content":{"rendered":"<p>Quoi de plus normal que de vous proposer une pizza aux Ravioles \u00e0 Tullins ? Tradition culinaire de l&rsquo;Is\u00e8re notre pizza aux Ravioles r\u00e9v\u00e8le toutes la richesse gustative de cette sp\u00e9cialit\u00e9 locale. La Raviole j&rsquo;en raffole !<\/p>\n","protected":false},"excerpt":{"rendered":"<p>Je raffole des ravioles<\/p>\n<ul>\n<li>Cr\u00eame fraiche<\/li>\n<li>Ravioles<\/li>\n<li>Gruy\u00e8re<\/li>\n<li>Mozzarella<\/li>\n<li>Olives<\/li>\n<\/ul>\n","protected":false},"featured_media":3834,"template":"","meta":[],"product_brand":[],"product_cat":[69],"product_tag":[],"class_list":{"0":"post-3695","1":"product","2":"type-product","3":"status-publish","4":"has-post-thumbnail","6":"product_cat-speciale","8":"first","9":"instock","10":"shipping-taxable","11":"purchasable","12":"product-type-simple"},"jetpack_sharing_enabled":true,"_links":{"self":[{"href":"https:\/\/josepizz.fr\/index.php?rest_route=\/wp\/v2\/product\/3695","targetHints":{"allow":["GET"]}}],"collection":[{"href":"https:\/\/josepizz.fr\/index.php?rest_route=\/wp\/v2\/product"}],"about":[{"href":"https:\/\/josepizz.fr\/index.php?rest_route=\/wp\/v2\/types\/product"}],"wp:featuredmedia":[{"embeddable":true,"href":"https:\/\/josepizz.fr\/index.php?rest_route=\/wp\/v2\/media\/3834"}],"wp:attachment":[{"href":"https:\/\/josepizz.fr\/index.php?rest_route=%2Fwp%2Fv2%2Fmedia&parent=3695"}],"wp:term":[{"taxonomy":"product_brand","embeddable":true,"href":"https:\/\/josepizz.fr\/index.php?rest_route=%2Fwp%2Fv2%2Fproduct_brand&post=3695"},{"taxonomy":"product_cat","embeddable":true,"href":"https:\/\/josepizz.fr\/index.php?rest_route=%2Fwp%2Fv2%2Fproduct_cat&post=3695"},{"taxonomy":"product_tag","embeddable":true,"href":"https:\/\/josepizz.fr\/index.php?rest_route=%2Fwp%2Fv2%2Fproduct_tag&post=3695"}],"curies":[{"name":"wp","href":"https:\/\/api.w.org\/{rel}","templated":true}]}}