{"id":3696,"date":"2022-06-02T11:27:46","date_gmt":"2022-06-02T11:27:46","guid":{"rendered":"https:\/\/josepizz.fr\/?post_type=product&#038;p=3696"},"modified":"2025-07-29T17:32:09","modified_gmt":"2025-07-29T17:32:09","slug":"vegetarienne","status":"publish","type":"product","link":"https:\/\/josepizz.fr\/?product=vegetarienne","title":{"rendered":"V\u00e9g\u00e9tarienne"},"content":{"rendered":"<p>Changez d&rsquo;id\u00e9e sur les plats v\u00e9g\u00e9tariens, notre pizza v\u00e9g\u00e9tarienne est gourmande et gouteuse, un vrai r\u00e9gale pour vos papilles !<\/p>\n","protected":false},"excerpt":{"rendered":"<p>Ma libert\u00e9 de choisir !<\/p>\n<ul>\n<li>Tomate<\/li>\n<li>Poivrons<\/li>\n<li>Ognons<\/li>\n<li>Aubergine<\/li>\n<li>Gruy\u00e8re<\/li>\n<li>Mozarella<\/li>\n<li>Olives<\/li>\n<\/ul>\n","protected":false},"featured_media":3836,"template":"","meta":[],"product_brand":[],"product_cat":[69],"product_tag":[],"class_list":{"0":"post-3696","1":"product","2":"type-product","3":"status-publish","4":"has-post-thumbnail","6":"product_cat-speciale","8":"first","9":"instock","10":"shipping-taxable","11":"purchasable","12":"product-type-simple"},"jetpack_sharing_enabled":true,"_links":{"self":[{"href":"https:\/\/josepizz.fr\/index.php?rest_route=\/wp\/v2\/product\/3696","targetHints":{"allow":["GET"]}}],"collection":[{"href":"https:\/\/josepizz.fr\/index.php?rest_route=\/wp\/v2\/product"}],"about":[{"href":"https:\/\/josepizz.fr\/index.php?rest_route=\/wp\/v2\/types\/product"}],"wp:featuredmedia":[{"embeddable":true,"href":"https:\/\/josepizz.fr\/index.php?rest_route=\/wp\/v2\/media\/3836"}],"wp:attachment":[{"href":"https:\/\/josepizz.fr\/index.php?rest_route=%2Fwp%2Fv2%2Fmedia&parent=3696"}],"wp:term":[{"taxonomy":"product_brand","embeddable":true,"href":"https:\/\/josepizz.fr\/index.php?rest_route=%2Fwp%2Fv2%2Fproduct_brand&post=3696"},{"taxonomy":"product_cat","embeddable":true,"href":"https:\/\/josepizz.fr\/index.php?rest_route=%2Fwp%2Fv2%2Fproduct_cat&post=3696"},{"taxonomy":"product_tag","embeddable":true,"href":"https:\/\/josepizz.fr\/index.php?rest_route=%2Fwp%2Fv2%2Fproduct_tag&post=3696"}],"curies":[{"name":"wp","href":"https:\/\/api.w.org\/{rel}","templated":true}]}}