{"id":3698,"date":"2022-06-02T11:29:36","date_gmt":"2022-06-02T11:29:36","guid":{"rendered":"https:\/\/josepizz.fr\/?post_type=product&#038;p=3698"},"modified":"2025-04-16T17:00:15","modified_gmt":"2025-04-16T17:00:15","slug":"royannaise","status":"publish","type":"product","link":"https:\/\/josepizz.fr\/?product=royannaise","title":{"rendered":"Royannaise"},"content":{"rendered":"<p>Quoi de plus normal que de proposer une Pizza royannaise dans notre belle vall\u00e9e du Sud Gr\u00e9sivaudan ? Le Royannais s&rsquo;\u00e9tend sur la rive gauche de l&rsquo;Is\u00e8re (Pont en Royan&#8230;) et nous apporte de merveilleux paysages et l&rsquo;esprit de l&rsquo;aventure que vous retrouverez dans notre pizza Royannaise !<\/p>\n","protected":false},"excerpt":{"rendered":"<p>Hommage au royannais<\/p>\n<ul>\n<li>Cr\u00e8me fraiche<\/li>\n<li>Ravioles<\/li>\n<li>Saumon<\/li>\n<li>Gruy\u00e8re<\/li>\n<li>Mozzarella<\/li>\n<\/ul>\n","protected":false},"featured_media":3838,"template":"","meta":[],"product_brand":[],"product_cat":[69],"product_tag":[],"class_list":{"0":"post-3698","1":"product","2":"type-product","3":"status-publish","4":"has-post-thumbnail","6":"product_cat-speciale","8":"first","9":"instock","10":"shipping-taxable","11":"purchasable","12":"product-type-simple"},"jetpack_sharing_enabled":true,"_links":{"self":[{"href":"https:\/\/josepizz.fr\/index.php?rest_route=\/wp\/v2\/product\/3698","targetHints":{"allow":["GET"]}}],"collection":[{"href":"https:\/\/josepizz.fr\/index.php?rest_route=\/wp\/v2\/product"}],"about":[{"href":"https:\/\/josepizz.fr\/index.php?rest_route=\/wp\/v2\/types\/product"}],"wp:featuredmedia":[{"embeddable":true,"href":"https:\/\/josepizz.fr\/index.php?rest_route=\/wp\/v2\/media\/3838"}],"wp:attachment":[{"href":"https:\/\/josepizz.fr\/index.php?rest_route=%2Fwp%2Fv2%2Fmedia&parent=3698"}],"wp:term":[{"taxonomy":"product_brand","embeddable":true,"href":"https:\/\/josepizz.fr\/index.php?rest_route=%2Fwp%2Fv2%2Fproduct_brand&post=3698"},{"taxonomy":"product_cat","embeddable":true,"href":"https:\/\/josepizz.fr\/index.php?rest_route=%2Fwp%2Fv2%2Fproduct_cat&post=3698"},{"taxonomy":"product_tag","embeddable":true,"href":"https:\/\/josepizz.fr\/index.php?rest_route=%2Fwp%2Fv2%2Fproduct_tag&post=3698"}],"curies":[{"name":"wp","href":"https:\/\/api.w.org\/{rel}","templated":true}]}}