{"id":3703,"date":"2022-06-02T11:34:49","date_gmt":"2022-06-02T11:34:49","guid":{"rendered":"https:\/\/josepizz.fr\/?post_type=product&#038;p=3703"},"modified":"2025-07-29T17:26:48","modified_gmt":"2025-07-29T17:26:48","slug":"la-burger","status":"publish","type":"product","link":"https:\/\/josepizz.fr\/?product=la-burger","title":{"rendered":"La Burger"},"content":{"rendered":"<p>On peut \u00eatre amateur de pizza et \u00eatre amateur de burger. Notre pizza burger r\u00e9unie le meilleur des 2 mondes ! La l\u00e9gendaire p\u00e2te \u00e0 pizza de Jos\u00e9 (dont la recette est gard\u00e9e secr\u00e8te) accompagn\u00e9e des meilleurs ingr\u00e9dients et d&rsquo;une sauce burger tout simplement fantastique !<\/p>\n","protected":false},"excerpt":{"rendered":"<p>Pour les gourmands<\/p>\n<ul>\n<li>Tomate<\/li>\n<li>Viande hach\u00e9e<\/li>\n<li>Oignon<\/li>\n<li>Cheddar<\/li>\n<li>Gruy\u00e8re<\/li>\n<li>Mozarella<\/li>\n<li>Sauce burger<\/li>\n<\/ul>\n","protected":false},"featured_media":3829,"template":"","meta":[],"product_brand":[],"product_cat":[50],"product_tag":[],"class_list":{"0":"post-3703","1":"product","2":"type-product","3":"status-publish","4":"has-post-thumbnail","6":"product_cat-viande","8":"first","9":"instock","10":"shipping-taxable","11":"purchasable","12":"product-type-simple"},"jetpack_sharing_enabled":true,"_links":{"self":[{"href":"https:\/\/josepizz.fr\/index.php?rest_route=\/wp\/v2\/product\/3703","targetHints":{"allow":["GET"]}}],"collection":[{"href":"https:\/\/josepizz.fr\/index.php?rest_route=\/wp\/v2\/product"}],"about":[{"href":"https:\/\/josepizz.fr\/index.php?rest_route=\/wp\/v2\/types\/product"}],"wp:featuredmedia":[{"embeddable":true,"href":"https:\/\/josepizz.fr\/index.php?rest_route=\/wp\/v2\/media\/3829"}],"wp:attachment":[{"href":"https:\/\/josepizz.fr\/index.php?rest_route=%2Fwp%2Fv2%2Fmedia&parent=3703"}],"wp:term":[{"taxonomy":"product_brand","embeddable":true,"href":"https:\/\/josepizz.fr\/index.php?rest_route=%2Fwp%2Fv2%2Fproduct_brand&post=3703"},{"taxonomy":"product_cat","embeddable":true,"href":"https:\/\/josepizz.fr\/index.php?rest_route=%2Fwp%2Fv2%2Fproduct_cat&post=3703"},{"taxonomy":"product_tag","embeddable":true,"href":"https:\/\/josepizz.fr\/index.php?rest_route=%2Fwp%2Fv2%2Fproduct_tag&post=3703"}],"curies":[{"name":"wp","href":"https:\/\/api.w.org\/{rel}","templated":true}]}}