{"id":3745,"date":"2023-02-12T20:35:14","date_gmt":"2023-02-12T20:35:14","guid":{"rendered":"https:\/\/josepizz.fr\/?post_type=product&#038;p=3745"},"modified":"2025-07-29T17:28:35","modified_gmt":"2025-07-29T17:28:35","slug":"la-buffala","status":"publish","type":"product","link":"https:\/\/josepizz.fr\/?product=la-buffala","title":{"rendered":"La Buffala"},"content":{"rendered":"<p>Le best seller de notre \u00e9t\u00e9 ! Elle a rencontr\u00e9e tellement de succ\u00e8s que nous l&rsquo;avons finalement laiss\u00e9e \u00e0 notre carte pour cet hiver et il est fort possible qu&rsquo;elle y reste d\u00e9finitivement.<\/p>\n","protected":false},"excerpt":{"rendered":"<p>Fabuleuse Buffala !<\/p>\n<ul>\n<li>Sauce blanche<\/li>\n<li>Pesto<\/li>\n<li>Chiffonnade de mortadelle<\/li>\n<li>Tomate s\u00e9ch\u00e9e,<\/li>\n<li>Copeau de parmesan<\/li>\n<li>Boule de burrata<\/li>\n<li>Olives<\/li>\n<\/ul>\n","protected":false},"featured_media":3827,"template":"","meta":[],"product_brand":[],"product_cat":[15],"product_tag":[],"class_list":{"0":"post-3745","1":"product","2":"type-product","3":"status-publish","4":"has-post-thumbnail","6":"product_cat-non-classe","8":"first","9":"instock","10":"shipping-taxable","11":"purchasable","12":"product-type-simple"},"jetpack_sharing_enabled":true,"_links":{"self":[{"href":"https:\/\/josepizz.fr\/index.php?rest_route=\/wp\/v2\/product\/3745","targetHints":{"allow":["GET"]}}],"collection":[{"href":"https:\/\/josepizz.fr\/index.php?rest_route=\/wp\/v2\/product"}],"about":[{"href":"https:\/\/josepizz.fr\/index.php?rest_route=\/wp\/v2\/types\/product"}],"wp:featuredmedia":[{"embeddable":true,"href":"https:\/\/josepizz.fr\/index.php?rest_route=\/wp\/v2\/media\/3827"}],"wp:attachment":[{"href":"https:\/\/josepizz.fr\/index.php?rest_route=%2Fwp%2Fv2%2Fmedia&parent=3745"}],"wp:term":[{"taxonomy":"product_brand","embeddable":true,"href":"https:\/\/josepizz.fr\/index.php?rest_route=%2Fwp%2Fv2%2Fproduct_brand&post=3745"},{"taxonomy":"product_cat","embeddable":true,"href":"https:\/\/josepizz.fr\/index.php?rest_route=%2Fwp%2Fv2%2Fproduct_cat&post=3745"},{"taxonomy":"product_tag","embeddable":true,"href":"https:\/\/josepizz.fr\/index.php?rest_route=%2Fwp%2Fv2%2Fproduct_tag&post=3745"}],"curies":[{"name":"wp","href":"https:\/\/api.w.org\/{rel}","templated":true}]}}